 tens digit of p?
0
Suppose a - n = -a + 19, 0 = 4*a + 2*n - 26. Let q(w) = -a*w**2 - 1 + 2 + w**3 + 6 + 7*w. What is the units digit of q(7)?
7
Let l(q) = -189*q**3 - 2*q - 1. Let a be l(-1). Suppose 5*x - 760 + a = 0. Suppose -w - 4*g = -34, -w - 5*g = 3*w - x. What is the units digit of w?
6
Let r be 1/2*(1 + -1). Let n(w) = w + 16. Let t be n(-14). Suppose -t*f - 4*q + 28 = r, 1 = 2*f - 4*q - 3. What is the units digit of f?
8
Let s(o) = -7 - 7*o - 4*o + 5*o**2 - 2*o. Let q be s(11). What is the tens digit of 1/3 + q/21?
2
Suppose -w - 5*l + 6 = -l, -4*w = 2*l + 18. Let z(i) = -i**2 - 6*i. Let o be z(w). Suppose -6*j + 7*j - 21 = o. What is the units digit of j?
1
Suppose -5*t + 3*t = -5*v + 91, t + 63 = -v. Let s = -10 - t. What is the tens digit of s?
4
Let k(z) = 15*z + 2. Let u be k(-1). Let i(p) = p**3 + 13*p**2 - 7*p - 11. What is the units digit of i(u)?
0
Let r(c) = 5*c - 20. Let o be r(14). Let v = 18 - o. What is the tens digit of (-8)/v - (-43)/4?
1
Suppose -2*y = p - 79, 3*y + 0*p - p - 111 = 0. Suppose 18 = -y*u + 41*u. What is the tens digit of 68*1/(-4 + u)?
3
Suppose 5*j - 2*y - 7254 = 1863, 5*j = 5*y + 9120. What is the tens digit of j?
2
Let f = 1095 - 759. What is the hundreds digit of f?
3
Let u(p) = -17*p + 26. Let f(z) = 4*z - 3*z - 9 + 6*z - z. Let x(v) = -11*f(v) - 4*u(v). What is the tens digit of x(9)?
1
Suppose -2844 = -3*f - 717. What is the hundreds digit of f?
7
Let k = 29 - 48. Let b be k/(-7) + 28/98. Suppose -u - b*d - 34 = -3*u, -3*u + 4*d = -49. What is the tens digit of u?
1
What is the hundreds digit of (9192/(-36))/(3/(-9))?
7
Suppose q - 25 + 2 = -w, 5*q = -2*w + 130. Let g(x) = -7*x + 235. Let y be g(33). Suppose q = y*l - 3*l. What is the units digit of l?
8
Let v(h) = 10*h + 10. Let z be 22/3 + (-1)/3. What is the units digit of v(z)?
0
Let a(l) = 7*l**2 - 16*l - 98. What is the units digit of a(-6)?
0
Let a(n) = 1 + 3 + n**3 - 10*n**2 - 2*n**3. Let p be 1 + (-5 + 1 - 7). What is the units digit of a(p)?
4
What is the hundreds digit of (-326240)/(-125) - (-30)/375?
6
Let z(h) = h**3 - 7*h**2 - 17*h - 41. What is the units digit of z(10)?
9
Suppose 13*f = 5639 + 55. What is the hundreds digit of f?
4
What is the tens digit of 374/11*(-12)/(-1)?
0
Let f(z) = -z**3 + 6*z - 6. Let x = 28 + -34. Let y be f(x). Suppose -i + 90 = 5*r - y, i = r - 54. What is the units digit of r?
3
Suppose 21*f + 0*f = 8757. What is the units digit of f?
7
Suppose 5*m = 2*w - 7*w + 20, 5*w + 2*m = 11. Let f = w - 1. Suppose f = -2*b + 5*k - 8, -32 = 4*b - 8*b - 2*k. What is the units digit of b?
6
Let h = 92 + -88. Suppose 276 = h*n - 436. What is the hundreds digit of n?
1
Suppose -90*i - 228 = -89*i. Let v = i + 395. What is the tens digit of v?
6
Let p be ((-8)/(-3))/((-10)/(-15)). Suppose -g - p = -5. What is the units digit of ((-12)/14)/(g/(-7))?
6
Suppose 1369 = 7*x - 227. What is the units digit of x/(-8)*2/(-3)?
9
Let z be 4/(-10) - 6/10. Let g be (9 + 1)*z/(-2). Suppose -4*l + 4*c + 56 = -36, -5*l - g*c + 155 = 0. What is the tens digit of l?
2
Suppose 2*h = -0*h - 8. Let u be 2 - (3 + h) - 2. What is the tens digit of u - -1 - 72/(-4)?
2
What is the thousands digit of (-627522)/(-231) - 24/44?
2
Let p(i) = i**2 + 2*i + 1. Let s be p(-2). Let k(m) = -3*m**3 - 2*m + 1. Let d be k(s). What is the units digit of ((-540)/d)/5 + -3?
4
Let h = -31 + 13. Let u = h - -25. Let j(x) = 2*x - 5. What is the units digit of j(u)?
9
Let w(n) = 34*n**2 - 146*n - 1. What is the tens digit of w(15)?
5
Let t = -58 - -83. Suppose -4*g + 83 = -t. What is the units digit of g?
7
Suppose 0 = -2*r + 7*r - 10. Let l(u) = 3*u**2 - 2*u - 1. Let d be l(r). Suppose 108 = d*k - 3*k. What is the units digit of k?
7
Let t(b) = -b**2 - b**3 - 9*b - 3*b**2 + 4*b**2 - 7*b**2. Let x be t(-4). What is the units digit of (2*21)/(x/(-6))?
1
Suppose 4*p - 36 = -12. Let t(l) = 2*l + 19 - p*l + 3*l. What is the tens digit of t(7)?
1
Let d be (-2)/(-16) + 21399/(-56) + 4. Let x(t) = t**2 - 9*t. Let k be x(8). What is the units digit of d/k + 2/(-8)?
7
Let d(s) = -22*s - 4. Let h be d(-8). Suppose -2*k + h = 10. What is the tens digit of k?
8
Let z(p) = p**2 - 2*p + 3. Let m be z(4). Let j = 12 - m. What is the units digit of j?
1
Let x be 7*(-1)/(-3)*(51 - -6). Let q = 256 - x. What is the units digit of q?
3
Let x(f) be the first derivative of 8*f**2 - 4*f - 6. Let v be (2/(-8))/((-4)/32). What is the units digit of x(v)?
8
Let s(v) be the first derivative of 4*v**3/3 + 3*v**2/2 - 4*v - 129. Suppose p = -p - 6. What is the units digit of s(p)?
3
Let i(p) = p**2 - p + 98. Let k be i(0). Let c = -1104 - -1104. Suppose c*o - k = -2*o. What is the units digit of o?
9
What is the hundreds digit of (548 - -3) + -1 + 0?
5
Suppose 0 = -14*f + 23798 - 7348. What is the units digit of f?
5
Let p(k) be the second derivative of -k**5/20 - k**4/3 + 2*k**3/3 + 9*k**2/2 + k. Let n be p(-6). Let j = n + -33. What is the tens digit of j?
2
Suppose -26*q = -15209 - 3381. What is the tens digit of q?
1
Let s be (-2 + 1 - 7) + -1. Let x = 87 + -62. Let d = x + s. What is the units digit of d?
6
Let g(c) = c**3 + 3*c**2 - 4*c - 1. Let w(q) = -6*q - 2. Let h be w(-2). Let v(j) = j - 13. Let r be v(h). What is the tens digit of g(r)?
1
Let m be 2/(-8) - (-46)/(-8). Let x = 0 - m. What is the tens digit of ((-34)/x)/((-8)/24)?
1
Suppose 8*q - 10*q + 22 = z, 0 = -2*z + 2*q + 74. Let m(i) = -i**2 + 3*i - 1. Let r be m(-4). Let s = z + r. What is the units digit of s?
3
Let y = 38 + -28. Suppose -12*g = -y*g - 458. What is the units digit of g?
9
What is the units digit of (8 - (1 + -753)) + 8?
8
Let i be 5/2 - (-3)/2. Suppose -i*o = 3*w - 86, 119 = 2*w + 2*w + o. Let a = w - -7. What is the tens digit of a?
3
Let t = -235 - -568. What is the hundreds digit of t?
3
What is the thousands digit of ((-210)/25)/(18/(-8145))?
3
Suppose -192 = -2*l - 2*a, -4*a + 186 = 3*l - l. Let g = l + -30. Suppose 0*y - g = -y. What is the tens digit of y?
6
Suppose 4968 = 452*y - 446*y. What is the tens digit of y?
2
Suppose 0*r - 10 = -5*r. Suppose -48 = r*d - 5*d. What is the tens digit of d?
1
Let l(w) = w**2 + 16*w + 17. Let a be l(-15). Let f(b) = -11*b**3 - 29*b**3 + a + b - 19*b**3 + 17*b**3. What is the tens digit of f(-1)?
4
Suppose 4*m - 172 = 3*h, 0*m + 5*h = 3*m - 129. What is the units digit of m + (-2 - (2 + -4))?
3
Let b be 39/(-4) + 1/(-4). Let l be (-8)/(-10) + 28/b. What is the units digit of (0 + -2)/l*45?
5
Let z be 10*1/4 - (-12)/24. Suppose 3*c + 237 = z*i, 0*c + 75 = i + c. What is the tens digit of i?
7
Let n be (-14)/42*(-21 + 0). Let x = n - -5. What is the tens digit of x?
1
Suppose n = -3*m + 53, -4*n - 2*m + 173 = -n. Let i = 10 + -6. Suppose n + 21 = i*l. What is the units digit of l?
0
What is the hundreds digit of (-5 - -9) + -11 - -334?
3
Suppose 5295 = 3*v + 996. What is the thousands digit of v?
1
What is the hundreds digit of (-392)/(-112)*5384/14?
3
Let b(f) = f**2 + 6*f + 24. Let g(c) = -8*c**2 + c + 1. Let z be g(-1). What is the units digit of b(z)?
0
Suppose 37 = -8*i + 741. Suppose i = 7*m - 3*m. Suppose -7*j - m = -9*j. What is the units digit of j?
1
Let g(m) = -m**2 - 7*m + 2. Suppose 3*t + 2*w = 3*w - 13, -2*t + 4*w = -8. What is the units digit of g(t)?
8
Suppose 54*a + 562005 = 189*a. What is the tens digit of a?
6
Suppose -454 = -2*n + 4*k, n + 0*k = -3*k + 212. What is the units digit of n?
1
Let s(v) = 2*v**2 + 3*v + 20. Suppose 16 = -10*q + 8*q. Let h be s(q). Suppose 4*k - h = -0*k. What is the units digit of k?
1
Suppose 16*f = 15*f + 5. Suppose -285 = -f*i + 5*n, i + 2*i + 2*n = 156. What is the units digit of i?
4
Let d(a) = 6*a**2 - 24*a - 48. What is the units digit of d(-7)?
4
Suppose d = -4*d + 3345. What is the units digit of d/6 - 3/(-6)?
2
Suppose -p + 2 = -1. Suppose 0 = -p*f + 4 + 2. What is the units digit of (32/(-10))/(f/(-5))?
8
Let x = -64 - -123. Suppose 0 = -5*g - x + 94. What is the units digit of g?
7
Suppose 5*v - 5522 = -4*c, 7*v + c - 4422 = 3*v. What is the tens digit of v?
0
Suppose 0 = -6*a + 4302 + 4884. What is the units digit of a?
1
What is the units digit of (18/8)/3 + (-335064)/(-96)?
1
Let r be -2 + 0*(-1 - -2). Let x be -4*(21/(-6) + r). Let v = x + 10. What is the units digit of v?
2
Let q = 29 - 27. What